{"id":1516,"date":"2023-06-07T13:24:51","date_gmt":"2023-06-07T13:24:51","guid":{"rendered":"https:\/\/transparantmagazine.nl\/archief\/?page_id=1516"},"modified":"2023-06-08T06:06:09","modified_gmt":"2023-06-08T06:06:09","slug":"mijn-ding","status":"publish","type":"page","link":"https:\/\/transparantmagazine.nl\/archief\/2023-1_homepage\/mijn-ding\/","title":{"rendered":"Mijn Ding"},"content":{"rendered":"<p>[et_pb_section fb_built=&#8221;1&#8243; _builder_version=&#8221;4.21.0&#8243; _module_preset=&#8221;default&#8221; background_color=&#8221;#DFDD00&#8243; background_enable_image=&#8221;off&#8221; width=&#8221;100%&#8221; max_width=&#8221;100%&#8221; module_alignment=&#8221;right&#8221; min_height_last_edited=&#8221;off|phone&#8221; custom_margin=&#8221;0px||0px||false|false&#8221; custom_margin_tablet=&#8221;0px||0px||false|false&#8221; custom_margin_phone=&#8221;||40px||false|false&#8221; custom_margin_last_edited=&#8221;on|phone&#8221; custom_padding=&#8221;0px||0px||false|false&#8221; global_colors_info=&#8221;{}&#8221;][et_pb_row column_structure=&#8221;2_5,3_5&#8243; _builder_version=&#8221;4.21.0&#8243; _module_preset=&#8221;default&#8221; background_color=&#8221;#DFDD00&#8243; module_alignment=&#8221;center&#8221; custom_margin=&#8221;0px||0px||false|false&#8221; custom_padding=&#8221;0px||||false|false&#8221; background_last_edited=&#8221;on|phone&#8221; background_enable_image_phone=&#8221;off&#8221; global_colors_info=&#8221;{}&#8221;][et_pb_column type=&#8221;2_5&#8243; disabled_on=&#8221;off|off|off&#8221; _builder_version=&#8221;4.21.0&#8243; _module_preset=&#8221;default&#8221; global_colors_info=&#8221;{}&#8221;][et_pb_image src=&#8221;https:\/\/transparantmagazine.nl\/archief\/wp-content\/uploads\/2022\/12\/MijnDing.png&#8221; title_text=&#8221;MijnDing&#8221; align=&#8221;right&#8221; disabled_on=&#8221;off|off|on&#8221; _builder_version=&#8221;4.21.0&#8243; _module_preset=&#8221;default&#8221; width=&#8221;250px&#8221; width_tablet=&#8221;250px&#8221; width_phone=&#8221;160px&#8221; width_last_edited=&#8221;on|phone&#8221; module_alignment=&#8221;right&#8221; custom_margin=&#8221;0px||||false|false&#8221; global_colors_info=&#8221;{}&#8221;][\/et_pb_image][et_pb_text _builder_version=&#8221;4.21.0&#8243; _module_preset=&#8221;default&#8221; header_font_size=&#8221;46px&#8221; header_4_text_color=&#8221;#3D2975&#8243; header_5_text_color=&#8221;#712283&#8243; custom_margin=&#8221;40px||||false|false&#8221; custom_margin_tablet=&#8221;-40px||||false|false&#8221; custom_margin_phone=&#8221;||||false|false&#8221; custom_margin_last_edited=&#8221;on|desktop&#8221; header_font_size_tablet=&#8221;32px&#8221; header_font_size_phone=&#8221;32px&#8221; header_font_size_last_edited=&#8221;on|phone&#8221; global_colors_info=&#8221;{}&#8221;]<\/p>\n<h1 class=\"p1\">Linda Holties<\/h1>\n<p>[\/et_pb_text][et_pb_text _builder_version=&#8221;4.21.0&#8243; _module_preset=&#8221;default&#8221; header_font_size=&#8221;60px&#8221; header_4_text_color=&#8221;#3D2975&#8243; header_5_text_color=&#8221;#712283&#8243; custom_margin=&#8221;||||false|false&#8221; custom_margin_tablet=&#8221;|40px|40px|40px|false|false&#8221; custom_margin_phone=&#8221;|20px||20px|false|false&#8221; custom_margin_last_edited=&#8221;off|desktop&#8221; header_font_size_tablet=&#8221;32px&#8221; header_font_size_phone=&#8221;32px&#8221; header_font_size_last_edited=&#8221;on|phone&#8221; global_colors_info=&#8221;{}&#8221;]<\/p>\n<p class=\"p1\">Linda Holties woont in Emmen, samen met haar teckel Jip. Ze werkt als woonbegeleider en zorgco\u00f6rdinator bij De Ziel in Rolde. Wanneer we aan haar vragen wat haar ding is, zegt ze dat ze niet echt \u00e9\u00e9n duidelijke hobby of passie heeft. Ze begint enthousiast te vertellen over haar hobby moestuin. \u201cMoestuin is misschien wat overdreven. Maar gewoon wat groentjes verbouwen met zaadjes zoals tomaatjes, paprika of sperziebonen. Ik ben niet zo fanatiek daarin hoor. De eerste keer heb ik dat gewoon in allemaal emmers geprobeerd. Maar vorig jaar heb ik dat echt voor het eerst in mijn tuintje gedaan.\u201d Niet alleen in haar tuin maar ook in het bos komt Linda tot rust waar ze regelmatig wandelt met Jip. \u201cWanneer ik wandel in het bos maak ik mijn hoofd leeg. Even een uurtje het bos in, vooral nu in het voorjaar. Alles lekker groen, het zonnetje op de snuit. Heerlijk! Ja, daar geniet ik van.\u201d Daarnaast is Linda regelmatig in het theater te vinden. \u201cIk ben gek op cabaretvoorstellingen. Ik houd wel van een lolletje of woordgrapje, daar sta ik dan ook wel om bekend op de werkvloer.\u201d<span class=\"Apple-converted-space\">\u00a0<\/span><\/p>\n<p class=\"p1\">Linda begon tijdens haar opleiding als vakantiekracht bij De Trans. Inmiddels is ze doorgegroeid naar zorgco\u00f6rdinator. \u201cEigenlijk is mijn ding: een passie voor mensen. Ik vind het belangrijk dat ik als begeleider een bijdrage kan leveren zodat de cli\u00ebnt zich gehoord en geholpen voelt. Er voor iemand zijn en de ander helpen.\u201d Daarbij geeft ze aan dat een goede werk-priv\u00e9 balans belangrijk is voor haar. \u201cVoorheen was ik echt een werkpaard en erg perfectionistisch. Nu ben ik veel meer bezig met zoeken naar een gezonde balans tussen werk- en priv\u00e9leven en ben ik bewuster aan het genieten.\u201d<\/p>\n<p>[\/et_pb_text][\/et_pb_column][et_pb_column type=&#8221;3_5&#8243; _builder_version=&#8221;4.19.2&#8243; _module_preset=&#8221;default&#8221; global_colors_info=&#8221;{}&#8221;][et_pb_image src=&#8221;https:\/\/transparantmagazine.nl\/archief\/wp-content\/uploads\/2022\/12\/MijnDing.png&#8221; title_text=&#8221;MijnDing&#8221; align=&#8221;right&#8221; disabled_on=&#8221;on|on|off&#8221; _builder_version=&#8221;4.21.0&#8243; _module_preset=&#8221;default&#8221; width=&#8221;250px&#8221; width_tablet=&#8221;250px&#8221; width_phone=&#8221;160px&#8221; width_last_edited=&#8221;on|phone&#8221; module_alignment=&#8221;right&#8221; custom_margin=&#8221;0px||||false|false&#8221; global_colors_info=&#8221;{}&#8221;][\/et_pb_image][et_pb_image src=&#8221;https:\/\/transparantmagazine.nl\/archief\/wp-content\/uploads\/2023\/06\/LindaenJip.jpg&#8221; title_text=&#8221;LindaenJip&#8221; force_fullwidth=&#8221;on&#8221; disabled_on=&#8221;on|off|off&#8221; _builder_version=&#8221;4.21.0&#8243; _module_preset=&#8221;default&#8221; transform_rotate=&#8221;0deg|0deg|2deg&#8221; custom_margin=&#8221;||0px||false|false&#8221; hover_enabled=&#8221;0&#8243; border_radii=&#8221;on|20px|20px|20px|20px&#8221; border_width_all=&#8221;1px&#8221; border_color_all=&#8221;#009FE3&#8243; global_colors_info=&#8221;{}&#8221; sticky_enabled=&#8221;0&#8243;][\/et_pb_image][\/et_pb_column][\/et_pb_row][\/et_pb_section][et_pb_section fb_built=&#8221;1&#8243; _builder_version=&#8221;4.19.2&#8243; _module_preset=&#8221;default&#8221; border_color_all=&#8221;#3D2975&#8243; border_width_top=&#8221;10px&#8221; border_color_top=&#8221;#DFDD00&#8243; global_colors_info=&#8221;{}&#8221;][et_pb_row column_structure=&#8221;1_4,3_4&#8243; _builder_version=&#8221;4.19.2&#8243; _module_preset=&#8221;default&#8221; global_colors_info=&#8221;{}&#8221;][et_pb_column type=&#8221;1_4&#8243; _builder_version=&#8221;4.19.2&#8243; _module_preset=&#8221;default&#8221; global_colors_info=&#8221;{}&#8221;][et_pb_image src=&#8221;https:\/\/transparantmagazine.nl\/archief\/wp-content\/uploads\/2023\/06\/LindaenJip.png&#8221; title_text=&#8221;LindaenJip&#8221; align=&#8221;right&#8221; align_tablet=&#8221;left&#8221; align_phone=&#8221;left&#8221; align_last_edited=&#8221;on|phone&#8221; _builder_version=&#8221;4.21.0&#8243; _module_preset=&#8221;default&#8221; width=&#8221;100px&#8221; global_colors_info=&#8221;{}&#8221;][\/et_pb_image][\/et_pb_column][et_pb_column type=&#8221;3_4&#8243; _builder_version=&#8221;4.19.2&#8243; _module_preset=&#8221;default&#8221; global_colors_info=&#8221;{}&#8221;][et_pb_text _builder_version=&#8221;4.21.0&#8243; _module_preset=&#8221;default&#8221; text_font_size=&#8221;18px&#8221; text_font_size_tablet=&#8221;16px&#8221; text_font_size_phone=&#8221;16px&#8221; text_font_size_last_edited=&#8221;on|tablet&#8221; global_colors_info=&#8221;{}&#8221;]<\/p>\n<p class=\"p1\">Linda helpt mee met de Transparant.<\/p>\n<p class=\"p1\">Linda wandelt graag met hondje Jip.<\/p>\n<p class=\"p1\">Linda is zorgco\u00f6rdinator bij De Trans.<\/p>\n<p>[\/et_pb_text][\/et_pb_column][\/et_pb_row][\/et_pb_section][et_pb_section fb_built=&#8221;1&#8243; _builder_version=&#8221;4.21.0&#8243; _module_preset=&#8221;default&#8221; global_colors_info=&#8221;{}&#8221;][et_pb_row column_structure=&#8221;1_2,1_2&#8243; _builder_version=&#8221;4.21.0&#8243; _module_preset=&#8221;default&#8221; global_colors_info=&#8221;{}&#8221;][et_pb_column type=&#8221;1_2&#8243; _builder_version=&#8221;4.21.0&#8243; _module_preset=&#8221;default&#8221; global_colors_info=&#8221;{}&#8221;][et_pb_button button_url=&#8221;@ET-DC@eyJkeW5hbWljIjp0cnVlLCJjb250ZW50IjoicG9zdF9saW5rX3VybF9wYWdlIiwic2V0dGluZ3MiOnsicG9zdF9pZCI6IjE0OTcifX0=@&#8221; button_text=&#8221;vorige&#8221; button_alignment=&#8221;right&#8221; _builder_version=&#8221;4.21.0&#8243; _dynamic_attributes=&#8221;button_url&#8221; _module_preset=&#8221;default&#8221; custom_button=&#8221;on&#8221; button_text_color=&#8221;#009FE3&#8243; button_border_width=&#8221;0px&#8221; button_icon=&#8221;&#x23;||divi||400&#8243; button_icon_color=&#8221;#009FE3&#8243; button_icon_placement=&#8221;left&#8221; button_on_hover=&#8221;off&#8221; global_colors_info=&#8221;{}&#8221;][\/et_pb_button][\/et_pb_column][et_pb_column type=&#8221;1_2&#8243; _builder_version=&#8221;4.21.0&#8243; _module_preset=&#8221;default&#8221; global_colors_info=&#8221;{}&#8221;][et_pb_button button_url=&#8221;@ET-DC@eyJkeW5hbWljIjp0cnVlLCJjb250ZW50IjoicG9zdF9saW5rX3VybF9wYWdlIiwic2V0dGluZ3MiOnsicG9zdF9pZCI6IjExMTkifX0=@&#8221; button_text=&#8221;volgende&#8221; _builder_version=&#8221;4.21.0&#8243; _dynamic_attributes=&#8221;button_url&#8221; _module_preset=&#8221;default&#8221; custom_button=&#8221;on&#8221; button_text_color=&#8221;#009FE3&#8243; button_border_width=&#8221;0px&#8221; button_icon=&#8221;&#x24;||divi||400&#8243; button_icon_color=&#8221;#009FE3&#8243; button_on_hover=&#8221;off&#8221; global_colors_info=&#8221;{}&#8221;][\/et_pb_button][\/et_pb_column][\/et_pb_row][\/et_pb_section]<\/p>\n","protected":false},"excerpt":{"rendered":"<p>Linda HoltiesLinda Holties woont in Emmen, samen met haar teckel Jip. Ze werkt als woonbegeleider en zorgco\u00f6rdinator bij De Ziel in Rolde. Wanneer we aan haar vragen wat haar ding is, zegt ze dat ze niet echt \u00e9\u00e9n duidelijke hobby of passie heeft. Ze begint enthousiast te vertellen over haar hobby moestuin. \u201cMoestuin is misschien wat overdreven. Maar gewoon wat groentjes verbouwen met zaadjes zoals tomaatjes, paprika of sperziebonen. Ik ben niet zo fanatiek daarin hoor. De eerste keer heb ik dat gewoon in allemaal emmers geprobeerd. Maar vorig jaar heb ik dat echt voor het eerst in mijn tuintje gedaan.\u201d Niet alleen in haar tuin maar ook in het bos komt Linda tot rust waar ze regelmatig wandelt met Jip. \u201cWanneer ik wandel in het bos maak ik mijn hoofd leeg. Even een uurtje het bos in, vooral nu in het voorjaar. Alles lekker groen, het zonnetje op de snuit. Heerlijk! Ja, daar geniet ik van.\u201d Daarnaast is Linda regelmatig in het theater te vinden. \u201cIk ben gek op cabaretvoorstellingen. Ik houd wel van een lolletje of woordgrapje, daar sta ik dan ook wel om bekend op de werkvloer.\u201d\u00a0 Linda begon tijdens haar opleiding als vakantiekracht bij De Trans. [&hellip;]<\/p>\n","protected":false},"author":1,"featured_media":1554,"parent":1052,"menu_order":0,"comment_status":"closed","ping_status":"closed","template":"","meta":{"_et_pb_use_builder":"on","_et_pb_old_content":"","_et_gb_content_width":"","footnotes":""},"class_list":["post-1516","page","type-page","status-publish","has-post-thumbnail","hentry"],"_links":{"self":[{"href":"https:\/\/transparantmagazine.nl\/archief\/wp-json\/wp\/v2\/pages\/1516","targetHints":{"allow":["GET"]}}],"collection":[{"href":"https:\/\/transparantmagazine.nl\/archief\/wp-json\/wp\/v2\/pages"}],"about":[{"href":"https:\/\/transparantmagazine.nl\/archief\/wp-json\/wp\/v2\/types\/page"}],"author":[{"embeddable":true,"href":"https:\/\/transparantmagazine.nl\/archief\/wp-json\/wp\/v2\/users\/1"}],"replies":[{"embeddable":true,"href":"https:\/\/transparantmagazine.nl\/archief\/wp-json\/wp\/v2\/comments?post=1516"}],"version-history":[{"count":13,"href":"https:\/\/transparantmagazine.nl\/archief\/wp-json\/wp\/v2\/pages\/1516\/revisions"}],"predecessor-version":[{"id":1618,"href":"https:\/\/transparantmagazine.nl\/archief\/wp-json\/wp\/v2\/pages\/1516\/revisions\/1618"}],"up":[{"embeddable":true,"href":"https:\/\/transparantmagazine.nl\/archief\/wp-json\/wp\/v2\/pages\/1052"}],"wp:featuredmedia":[{"embeddable":true,"href":"https:\/\/transparantmagazine.nl\/archief\/wp-json\/wp\/v2\/media\/1554"}],"wp:attachment":[{"href":"https:\/\/transparantmagazine.nl\/archief\/wp-json\/wp\/v2\/media?parent=1516"}],"curies":[{"name":"wp","href":"https:\/\/api.w.org\/{rel}","templated":true}]}}