{"id":631,"date":"2022-12-07T09:50:41","date_gmt":"2022-12-07T09:50:41","guid":{"rendered":"https:\/\/transparantmagazine.nl\/archief\/?page_id=631"},"modified":"2023-06-07T10:56:21","modified_gmt":"2023-06-07T10:56:21","slug":"de-trans-beweegt","status":"publish","type":"page","link":"https:\/\/transparantmagazine.nl\/archief\/december-2022\/de-trans-beweegt\/","title":{"rendered":"De trans beweegt"},"content":{"rendered":"<p>[et_pb_section fb_built=&#8221;1&#8243; _builder_version=&#8221;4.19.2&#8243; _module_preset=&#8221;default&#8221; background_color=&#8221;RGBA(255,255,255,0)&#8221; background_enable_image=&#8221;off&#8221; module_alignment=&#8221;center&#8221; min_height_last_edited=&#8221;off|phone&#8221; custom_margin=&#8221;0px||0px||false|false&#8221; custom_padding=&#8221;0px||0px||false|false&#8221; global_colors_info=&#8221;{}&#8221;][et_pb_row column_structure=&#8221;1_4,3_4&#8243; _builder_version=&#8221;4.19.2&#8243; _module_preset=&#8221;default&#8221; module_alignment=&#8221;center&#8221; custom_margin=&#8221;0px||0px||false|false&#8221; custom_padding=&#8221;0px||0px||false|false&#8221; global_colors_info=&#8221;{}&#8221;][et_pb_column type=&#8221;1_4&#8243; _builder_version=&#8221;4.19.2&#8243; _module_preset=&#8221;default&#8221; global_colors_info=&#8221;{}&#8221;][et_pb_image src=&#8221;https:\/\/transparantmagazine.nl\/archief\/wp-content\/uploads\/2022\/12\/Beweegt.png&#8221; title_text=&#8221;Beweegt&#8221; _builder_version=&#8221;4.19.2&#8243; _module_preset=&#8221;default&#8221; width=&#8221;250px&#8221; width_tablet=&#8221;250px&#8221; width_phone=&#8221;160px&#8221; width_last_edited=&#8221;on|phone&#8221; module_alignment=&#8221;left&#8221; custom_margin=&#8221;0px|||40px|false|false&#8221; global_colors_info=&#8221;{}&#8221;][\/et_pb_image][\/et_pb_column][et_pb_column type=&#8221;3_4&#8243; _builder_version=&#8221;4.19.2&#8243; _module_preset=&#8221;default&#8221; global_colors_info=&#8221;{}&#8221;][et_pb_text _builder_version=&#8221;4.19.2&#8243; _module_preset=&#8221;default&#8221; header_text_color=&#8221;#B32C2E&#8221; header_font_size=&#8221;52px&#8221; header_line_height=&#8221;1.1em&#8221; header_2_text_color=&#8221;#F9B233&#8243; header_2_font_size=&#8221;36px&#8221; header_2_line_height=&#8221;1.1em&#8221; header_3_text_color=&#8221;#B32C2E&#8221; header_3_line_height=&#8221;1.1em&#8221; custom_margin=&#8221;30px||||false|false&#8221; custom_margin_tablet=&#8221;0px||||false|false&#8221; custom_margin_phone=&#8221;-30px||||false|false&#8221; custom_margin_last_edited=&#8221;on|tablet&#8221; header_font_size_tablet=&#8221;40px&#8221; header_font_size_phone=&#8221;28px&#8221; header_font_size_last_edited=&#8221;on|phone&#8221; header_2_font_size_tablet=&#8221;28px&#8221; header_2_font_size_phone=&#8221;20px&#8221; header_2_font_size_last_edited=&#8221;on|phone&#8221; global_colors_info=&#8221;{}&#8221;]<\/p>\n<h2>\u00a0<\/h2>\n<h2 class=\"p1\"><span class=\"s1\"><b>Medezeggenschap bij De Trans<\/b><\/span><\/h2>\n<h1 class=\"p2\">voor iedereen<\/h1>\n<p>[\/et_pb_text][\/et_pb_column][\/et_pb_row][\/et_pb_section][et_pb_section fb_built=&#8221;1&#8243; _builder_version=&#8221;4.19.2&#8243; _module_preset=&#8221;default&#8221; global_colors_info=&#8221;{}&#8221;][et_pb_row column_structure=&#8221;1_2,1_2&#8243; _builder_version=&#8221;4.19.2&#8243; _module_preset=&#8221;default&#8221; custom_margin=&#8221;-20px||||false|false&#8221; custom_margin_tablet=&#8221;0px||||false|false&#8221; custom_margin_phone=&#8221;0px||||false|false&#8221; custom_margin_last_edited=&#8221;on|desktop&#8221; global_colors_info=&#8221;{}&#8221;][et_pb_column type=&#8221;1_2&#8243; _builder_version=&#8221;4.19.2&#8243; _module_preset=&#8221;default&#8221; global_colors_info=&#8221;{}&#8221;][et_pb_text _builder_version=&#8221;4.19.2&#8243; _module_preset=&#8221;default&#8221; header_4_text_color=&#8221;#3D2975&#8243; header_5_text_color=&#8221;#712283&#8243; global_colors_info=&#8221;{}&#8221;]<\/p>\n<p><strong>Opkomen voor zichzelf, maar ook voor anderen. Fred en Anet vinden dit allebei heel belangrijk. Ze wonen beiden bij De Trans en zitten samen in de projectgroep medezeggenschap. <\/strong><\/p>\n<p>Inmiddels hebben zij samen met de werkgroep voor elkaar gekregen dat alle De Trans locaties aan de slag gaan met huiskamerraden. In die raden gaan de bewoners\/cli\u00ebnten en leiding met elkaar in gesprek over onderwerpen als de woning, het eten en activiteiten.<\/p>\n<h4>In gesprek<\/h4>\n<p>Fred vindt het heel belangrijk dat bewoners iets te zeggen hebben binnen De Trans. \u201cIk was al actief binnen de bewonersraad. Toen ze mensen voor de werkgroep vroegen, wilde ik graag meedoen. Als bewoners en begeleiding moeten we met elkaar in gesprek, niet over elkaar praten.\u201d Anet was actief bij de cli\u00ebntenraad ambulant toen het project medezeggenschap op haar pad kwam. \u201cVoor mijzelf is medezeggenschap belangrijk. Maar ik doe het ook voor anderen, die het moeilijker vinden om voor zichzelf op te komen. Ze kunnen bijvoorbeeld een briefje bij mij afgeven als ze het ergens moeilijk mee hebben.\u201d<\/p>\n<p>[\/et_pb_text][\/et_pb_column][et_pb_column type=&#8221;1_2&#8243; _builder_version=&#8221;4.19.2&#8243; _module_preset=&#8221;default&#8221; global_colors_info=&#8221;{}&#8221;][et_pb_text _builder_version=&#8221;4.19.2&#8243; _module_preset=&#8221;default&#8221; header_4_text_color=&#8221;#3D2975&#8243; header_5_text_color=&#8221;#712283&#8243; global_colors_info=&#8221;{}&#8221;]<\/p>\n<h4>Gehoord worden<\/h4>\n<p>Anet en Fred zijn blij met het verloop van de werkgroep medezeggenschap. \u201cWe worden serieus genomen\u201d zegt Fred. \u201cMensen luisteren goed naar wat we te zeggen hebben. Dan heb ik het niet alleen over de werkgroep. Maar ook in mijn woning gaat iedereen steeds meer met elkaar in gesprek. Dat is fijn!\u201d Anet vindt het op haar beurt goed dat ze de achterliggende gedachte van dingen meekrijgt. \u201cIk leer steeds meer. We worden goed meegenomen in alles, kunnen zelf zeggen wat we vinden en horen niet pas dingen achteraf.\u201d<\/p>\n<h4>Met elkaar<\/h4>\n<p>Ze vinden het ook fijn dat ze met z\u2019n twee\u00ebn een grotere groep binnen De Trans vertegenwoordigen en kunnen helpen. Volgens Anet kunnen ze elkaar aanvullen. \u201cFred kijkt soms iets anders naar dingen dan hoe ik het doe. Dat is wel fijn!\u201d Het liefst overlegden ze nog wat meer onderling. Maar dat is soms nog wat lastig. Via de mail praten is moeilijk en de post gaat langzaam. Anet dacht nog even aan WhatsApp contact. \u201cMaar ik heb geen WhatsApp\u201d zegt Fred. Het is nog even zoeken. Maar daar komen ze, met elkaar, wel uit.<\/p>\n<p>[\/et_pb_text][\/et_pb_column][\/et_pb_row][\/et_pb_section][et_pb_section fb_built=&#8221;1&#8243; _builder_version=&#8221;4.19.2&#8243; _module_preset=&#8221;default&#8221; background_color=&#8221;#ffffff&#8221; global_colors_info=&#8221;{}&#8221;][et_pb_row column_structure=&#8221;3_5,2_5&#8243; _builder_version=&#8221;4.19.2&#8243; _module_preset=&#8221;default&#8221; global_colors_info=&#8221;{}&#8221;][et_pb_column type=&#8221;3_5&#8243; _builder_version=&#8221;4.19.2&#8243; _module_preset=&#8221;default&#8221; global_colors_info=&#8221;{}&#8221;][et_pb_image src=&#8221;https:\/\/transparantmagazine.nl\/archief\/wp-content\/uploads\/2022\/12\/DeTransBeweegt.png&#8221; title_text=&#8221;DeTransBeweegt&#8221; _builder_version=&#8221;4.19.2&#8243; _module_preset=&#8221;default&#8221; transform_rotate=&#8221;0deg|0deg|3deg&#8221; custom_margin=&#8221;||||false|false&#8221; border_color_all=&#8221;#DFDD00&#8243; global_colors_info=&#8221;{}&#8221;][\/et_pb_image][\/et_pb_column][et_pb_column type=&#8221;2_5&#8243; _builder_version=&#8221;4.19.2&#8243; _module_preset=&#8221;default&#8221; global_colors_info=&#8221;{}&#8221;][et_pb_text _builder_version=&#8221;4.19.3&#8243; _module_preset=&#8221;default&#8221; header_2_text_color=&#8221;#3D2975&#8243; header_3_text_color=&#8221;#3D2975&#8243; background_color=&#8221;#DFDD00&#8243; custom_margin=&#8221;||||false|false&#8221; custom_margin_tablet=&#8221;|0px||0px|false|false&#8221; custom_margin_phone=&#8221;|0px||0px|false|false&#8221; custom_margin_last_edited=&#8221;on|desktop&#8221; custom_padding=&#8221;20px|20px|20px|20px|false|false&#8221; border_radii=&#8221;on|20px|20px|20px|20px&#8221; global_colors_info=&#8221;{}&#8221;]<\/p>\n<h3 class=\"p1\"><b>Wat is een huiskamerraad?<\/b><\/h3>\n<p class=\"p3\">In de huiskamerraad gaan cli\u00ebnten met elkaar in gesprek. Dit gebeurt \u00e9\u00e9n keer per maand op de locatie. De groep kiest een voorzitter. Je bespreekt met elkaar hoe je het vindt bij De Trans. Wat vind je leuk? Wat vind je minder leuk? Op die manier heb je zelf invloed op je omgeving!<\/p>\n<p>[\/et_pb_text][\/et_pb_column][\/et_pb_row][\/et_pb_section][et_pb_section fb_built=&#8221;1&#8243; _builder_version=&#8221;4.21.0&#8243; _module_preset=&#8221;default&#8221; global_colors_info=&#8221;{}&#8221;][et_pb_row column_structure=&#8221;1_2,1_2&#8243; _builder_version=&#8221;4.21.0&#8243; _module_preset=&#8221;default&#8221; global_colors_info=&#8221;{}&#8221;][et_pb_column type=&#8221;1_2&#8243; _builder_version=&#8221;4.21.0&#8243; _module_preset=&#8221;default&#8221; global_colors_info=&#8221;{}&#8221;][et_pb_button button_url=&#8221;@ET-DC@eyJkeW5hbWljIjp0cnVlLCJjb250ZW50IjoicG9zdF9saW5rX3VybF9wYWdlIiwic2V0dGluZ3MiOnsicG9zdF9pZCI6IjI3MSJ9fQ==@&#8221; button_text=&#8221;vorige&#8221; button_alignment=&#8221;right&#8221; _builder_version=&#8221;4.21.0&#8243; _dynamic_attributes=&#8221;button_url&#8221; _module_preset=&#8221;default&#8221; custom_button=&#8221;on&#8221; button_text_color=&#8221;#009FE3&#8243; button_border_width=&#8221;0px&#8221; button_icon=&#8221;&#x23;||divi||400&#8243; button_icon_color=&#8221;#009FE3&#8243; button_icon_placement=&#8221;left&#8221; button_on_hover=&#8221;off&#8221; hover_enabled=&#8221;0&#8243; global_colors_info=&#8221;{}&#8221; sticky_enabled=&#8221;0&#8243;][\/et_pb_button][\/et_pb_column][et_pb_column type=&#8221;1_2&#8243; _builder_version=&#8221;4.21.0&#8243; _module_preset=&#8221;default&#8221; global_colors_info=&#8221;{}&#8221;][et_pb_button button_url=&#8221;@ET-DC@eyJkeW5hbWljIjp0cnVlLCJjb250ZW50IjoicG9zdF9saW5rX3VybF9wYWdlIiwic2V0dGluZ3MiOnsicG9zdF9pZCI6IjM3NSJ9fQ==@&#8221; button_text=&#8221;volgende&#8221; _builder_version=&#8221;4.21.0&#8243; _dynamic_attributes=&#8221;button_url&#8221; _module_preset=&#8221;default&#8221; custom_button=&#8221;on&#8221; button_text_color=&#8221;#009FE3&#8243; button_border_width=&#8221;0px&#8221; button_icon=&#8221;&#x24;||divi||400&#8243; button_icon_color=&#8221;#009FE3&#8243; button_on_hover=&#8221;off&#8221; global_colors_info=&#8221;{}&#8221;][\/et_pb_button][\/et_pb_column][\/et_pb_row][\/et_pb_section][et_pb_section fb_built=&#8221;1&#8243; _builder_version=&#8221;4.19.2&#8243; _module_preset=&#8221;default&#8221; border_color_all=&#8221;#3D2975&#8243; border_width_top=&#8221;10px&#8221; border_color_top=&#8221;#DFDD00&#8243; global_colors_info=&#8221;{}&#8221;][et_pb_row column_structure=&#8221;1_4,3_4&#8243; _builder_version=&#8221;4.19.2&#8243; _module_preset=&#8221;default&#8221; global_colors_info=&#8221;{}&#8221;][et_pb_column type=&#8221;1_4&#8243; _builder_version=&#8221;4.19.2&#8243; _module_preset=&#8221;default&#8221; global_colors_info=&#8221;{}&#8221;][et_pb_image src=&#8221;https:\/\/transparantmagazine.nl\/archief\/wp-content\/uploads\/2022\/12\/Leesbaarheidsicoon-2.png&#8221; title_text=&#8221;Leesbaarheidsicoon 2&#8243; align=&#8221;right&#8221; align_tablet=&#8221;left&#8221; align_phone=&#8221;left&#8221; align_last_edited=&#8221;on|phone&#8221; _builder_version=&#8221;4.19.2&#8243; _module_preset=&#8221;default&#8221; width=&#8221;100px&#8221; global_colors_info=&#8221;{}&#8221;][\/et_pb_image][\/et_pb_column][et_pb_column type=&#8221;3_4&#8243; _builder_version=&#8221;4.19.2&#8243; _module_preset=&#8221;default&#8221; global_colors_info=&#8221;{}&#8221;][et_pb_text _builder_version=&#8221;4.19.2&#8243; _module_preset=&#8221;default&#8221; text_font_size=&#8221;18px&#8221; text_font_size_tablet=&#8221;16px&#8221; text_font_size_phone=&#8221;16px&#8221; text_font_size_last_edited=&#8221;on|tablet&#8221; global_colors_info=&#8221;{}&#8221;]<\/p>\n<p class=\"p1\">Fred en Anet denken mee over medezeggenschap bij De Trans.<\/p>\n<p class=\"p1\">Zij wonen beiden bij De Trans.<\/p>\n<p class=\"p1\">Ze willen graag opkomen voor anderen.<\/p>\n<p>[\/et_pb_text][\/et_pb_column][\/et_pb_row][\/et_pb_section]<\/p>\n","protected":false},"excerpt":{"rendered":"<p>\u00a0 Medezeggenschap bij De Trans voor iedereenOpkomen voor zichzelf, maar ook voor anderen. Fred en Anet vinden dit allebei heel belangrijk. Ze wonen beiden bij De Trans en zitten samen in de projectgroep medezeggenschap. Inmiddels hebben zij samen met de werkgroep voor elkaar gekregen dat alle De Trans locaties aan de slag gaan met huiskamerraden. In die raden gaan de bewoners\/cli\u00ebnten en leiding met elkaar in gesprek over onderwerpen als de woning, het eten en activiteiten. In gesprek Fred vindt het heel belangrijk dat bewoners iets te zeggen hebben binnen De Trans. \u201cIk was al actief binnen de bewonersraad. Toen ze mensen voor de werkgroep vroegen, wilde ik graag meedoen. Als bewoners en begeleiding moeten we met elkaar in gesprek, niet over elkaar praten.\u201d Anet was actief bij de cli\u00ebntenraad ambulant toen het project medezeggenschap op haar pad kwam. \u201cVoor mijzelf is medezeggenschap belangrijk. Maar ik doe het ook voor anderen, die het moeilijker vinden om voor zichzelf op te komen. Ze kunnen bijvoorbeeld een briefje bij mij afgeven als ze het ergens moeilijk mee hebben.\u201dGehoord worden Anet en Fred zijn blij met het verloop van de werkgroep medezeggenschap. \u201cWe worden serieus genomen\u201d zegt Fred. \u201cMensen luisteren goed naar wat [&hellip;]<\/p>\n","protected":false},"author":1,"featured_media":1006,"parent":2,"menu_order":0,"comment_status":"closed","ping_status":"closed","template":"","meta":{"_et_pb_use_builder":"on","_et_pb_old_content":"","_et_gb_content_width":"","footnotes":""},"class_list":["post-631","page","type-page","status-publish","has-post-thumbnail","hentry"],"_links":{"self":[{"href":"https:\/\/transparantmagazine.nl\/archief\/wp-json\/wp\/v2\/pages\/631","targetHints":{"allow":["GET"]}}],"collection":[{"href":"https:\/\/transparantmagazine.nl\/archief\/wp-json\/wp\/v2\/pages"}],"about":[{"href":"https:\/\/transparantmagazine.nl\/archief\/wp-json\/wp\/v2\/types\/page"}],"author":[{"embeddable":true,"href":"https:\/\/transparantmagazine.nl\/archief\/wp-json\/wp\/v2\/users\/1"}],"replies":[{"embeddable":true,"href":"https:\/\/transparantmagazine.nl\/archief\/wp-json\/wp\/v2\/comments?post=631"}],"version-history":[{"count":19,"href":"https:\/\/transparantmagazine.nl\/archief\/wp-json\/wp\/v2\/pages\/631\/revisions"}],"predecessor-version":[{"id":1360,"href":"https:\/\/transparantmagazine.nl\/archief\/wp-json\/wp\/v2\/pages\/631\/revisions\/1360"}],"up":[{"embeddable":true,"href":"https:\/\/transparantmagazine.nl\/archief\/wp-json\/wp\/v2\/pages\/2"}],"wp:featuredmedia":[{"embeddable":true,"href":"https:\/\/transparantmagazine.nl\/archief\/wp-json\/wp\/v2\/media\/1006"}],"wp:attachment":[{"href":"https:\/\/transparantmagazine.nl\/archief\/wp-json\/wp\/v2\/media?parent=631"}],"curies":[{"name":"wp","href":"https:\/\/api.w.org\/{rel}","templated":true}]}}